ate the greatest common divisor of 13623 and 57.
57
What is the highest common factor of 30 and 12?
6
What is the greatest common divisor of 6730 and 10?
10
Calculate the greatest common divisor of 264 and 110.
22
Calculate the highest common divisor of 1165 and 60.
5
What is the highest common divisor of 1836 and 36?
36
What is the greatest common divisor of 928 and 6728?
232
What is the highest common divisor of 15 and 33?
3
What is the highest common factor of 1031 and 1?
1
Calculate the greatest common divisor of 28629 and 9.
9
What is the highest common divisor of 45 and 72?
9
What is the greatest common factor of 26 and 416?
26
Calculate the greatest common divisor of 240 and 2960.
80
Calculate the greatest common factor of 51 and 1360.
17
Calculate the greatest common factor of 830 and 190.
10
What is the greatest common factor of 21 and 8589?
21
Calculate the greatest common divisor of 8340 and 60.
60
Calculate the highest common divisor of 33565 and 245.
245
Calculate the highest common factor of 4187 and 53.
53
Calculate the greatest common factor of 1440 and 130.
10
Calculate the highest common divisor of 50 and 12050.
50
Calculate the greatest common factor of 51 and 1768.
17
Calculate the highest common divisor of 1386 and 504.
126
Calculate the greatest common factor of 5 and 2005.
5
Calculate the greatest common divisor of 42 and 2702.
14
Calculate the greatest common divisor of 10209 and 369.
123
Calculate the greatest common divisor of 90 and 10.
10
Calculate the highest common factor of 146 and 7373.
73
Calculate the highest common divisor of 100 and 60.
20
What is the highest common factor of 45 and 570?
15
What is the highest common divisor of 85 and 119?
17
What is the highest common factor of 40 and 408?
8
What is the highest common factor of 24 and 180?
12
What is the highest common divisor of 888 and 600?
24
Calculate the highest common divisor of 13 and 1729.
13
Calculate the highest common divisor of 527 and 248.
31
What is the highest common factor of 95 and 5833?
19
What is the greatest common divisor of 1909 and 23?
23
What is the highest common factor of 231 and 3?
3
Calculate the highest common factor of 1533 and 21.
21
What is the highest common factor of 4 and 6428?
4
Calculate the greatest common factor of 737 and 201.
67
Calculate the highest common factor of 124 and 4867.
31
Calculate the greatest common factor of 21 and 483.
21
What is the highest common factor of 104 and 39?
13
What is the greatest common divisor of 35 and 175?
35
What is the highest common divisor of 484 and 4?
4
Calculate the highest common divisor of 1744 and 763.
109
What is the highest common factor of 3343 and 1?
1
Calculate the highest common factor of 1075 and 25.
25
What is the highest common divisor of 1066 and 52?
26
What is the highest common divisor of 93 and 2139?
93
What is the greatest common factor of 207 and 72?
9
What is the highest common divisor of 1729 and 1463?
133
Calculate the highest common factor of 88 and 187.
11
Calculate the highest common factor of 7 and 63.
7
What is the highest common factor of 17646 and 408?
102
What is the highest common divisor of 1178 and 38?
38
What is the highest common factor of 138 and 19113?
69
What is the highest common factor of 10 and 65?
5
Calculate the greatest common factor of 38 and 2.
2
Calculate the greatest common divisor of 123 and 2.
1
Calculate the highest common factor of 3 and 4461.
3
Calculate the highest common factor of 2445 and 15.
15
Calculate the greatest common factor of 403 and 93.
31
Calculate the greatest common factor of 8 and 50.
2
What is the highest common divisor of 12180 and 90?
30
What is the highest common divisor of 6566 and 536?
134
Calculate the highest common factor of 55 and 1485.
55
Calculate the greatest common factor of 48 and 272.
16
Calculate the highest common factor of 567 and 21.
21
Calculate the greatest common divisor of 242 and 22143.
121
Calculate the highest common divisor of 114 and 2356.
38
Calculate the highest common divisor of 494 and 78.
26
What is the highest common divisor of 620 and 40?
20
Calculate the highest common factor of 85 and 10404.
17
What is the greatest common divisor of 1048 and 40?
8
What is the highest common divisor of 6107 and 197?
197
What is the greatest common factor of 363 and 1749?
33
Calculate the greatest common divisor of 875 and 7.
7
What is the greatest common factor of 2 and 54?
2
Calculate the highest common divisor of 5600 and 896.
224
What is the highest common factor of 897 and 13?
13
Calculate the greatest common factor of 14 and 9.
1
Calculate the highest common factor of 165 and 33.
33
What is the greatest common factor of 15707 and 695?
139
Calculate the greatest common factor of 13 and 1027.
13
What is the highest common divisor of 3047 and 77?
11
Calculate the highest common divisor of 5 and 25.
5
Calculate the highest common divisor of 143 and 325.
13
Calculate the highest common divisor of 33 and 1342.
11
Calculate the highest common factor of 80 and 230.
10
What is the greatest common divisor of 94 and 329?
47
What is the greatest common divisor of 2 and 2258?
2
Calculate the highest common factor of 1510 and 10.
10
What is the greatest common factor of 16 and 1224?
8
What is the greatest common divisor of 1457 and 31?
31
What is the highest common divisor of 684 and 1932?
12
What is the highest common factor of 153 and 34?
17
Calculate the greatest common divisor of 15 and 5895.
15
What is the greatest common factor of 615 and 3210?
15
What is the greatest common factor of 243 and 108?
27
Calculate the greatest common factor of 833 and 2737.
119
Calculate the greatest common factor of 231 and 44.
11
Calculate the highest common factor of 8 and 21224.
8
What is the highest common divisor of 15 and 505?
5
Calculate the highest common divisor of 20290 and 70.
10
Calculate the highest common divisor of 7 and 2443.
7
Calculate the greatest common factor of 204 and 1836.
204
What is the greatest common divisor of 122 and 2?
2
Calculate the highest common divisor of 1444 and 988.
76
Calculate the highest common divisor of 560 and 3472.
112
Calculate the highest common divisor of 1007 and 38.
19
What is the greatest common factor of 814 and 77?
11
What is the greatest common factor of 285 and 45?
15
Calculate the highest common factor of 24 and 48936.
24
Calculate the greatest common factor of 7168 and 16.
16
What is the greatest common divisor of 28 and 126?
14
What is the greatest common divisor of 3649 and 41?
41
What is the highest common factor of 25 and 15?
5
Calculate the highest common factor of 8459 and 11.
11
What is the highest common factor of 12 and 228?
12
What is the highest common factor of 9 and 171?
9
Calculate the greatest common factor of 201 and 6432.
201
Calculate the highest common divisor of 7854 and 1734.
102
What is the highest common divisor of 33 and 957?
33
Calculate the greatest common divisor of 72867 and 321.
321
What is the highest common divisor of 56 and 196?
28
Calculate the greatest common factor of 594 and 4653.
99
What is the greatest common divisor of 35 and 10?
5
Calculate the greatest common factor of 18 and 9459.
9
Calculate the greatest common divisor of 120 and 4512.
24
What is the highest common factor of 5301 and 2052?
171
Calculate the highest common factor of 132 and 5764.
44
What is the highest common divisor of 7310 and 68?
34
Calculate the highest common factor of 10 and 1270.
10
What is the greatest common divisor of 20 and 40?
20
Calculate the highest common divisor of 944 and 59.
59
Calculate the highest common factor of 39 and 143.
13
What is the highest common factor of 13 and 1?
1
Calculate the greatest common factor of 15 and 85.
5
Calculate the highest common divisor of 99 and 3641.
11
What is the highest common factor of 1221 and 2886?
111
Calculate the greatest common factor of 885 and 60.
15
What is the highest common factor of 380 and 8018?
38
Calculate the highest common factor of 70 and 150.
10
What is the highest common divisor of 442 and 68?
34
Calculate the highest common factor of 13 and 689.
13
Calculate the highest common divisor of 208 and 5343.
13
Calculate the greatest common divisor of 74 and 629.
37
What is t